g) + 3*c(g). Determine k(0).
-15
Let x(d) = -10*d + d + 25*d - 36*d. Determine x(-1).
20
Let l = 1 - -3. Let f(v) = v + 7. Let r(c) = -7. Let b(w) = -4*f(w) - 5*r(w). Let u(z) = -3*z + 6. Let m(h) = l*b(h) - 5*u(h). What is m(5)?
-7
Let m(q) = 9*q**2 - 11*q**2 - 330 + q + 333. What is m(3)?
-12
Let c(q) = q**3 + q**2 - 2*q - 3. Suppose 4*p + 0*p - 4 = 0. Let v be (p/3)/(3/(-18)). Calculate c(v).
-3
Let n(a) = -112*a - 567. Let r be n(-5). Let c(p) = -6*p**3 - 8*p**2 - 4*p - 2. Let d(o) = 7*o**3 + 8*o**2 + 3*o + 1. Let t(i) = 6*c(i) + 5*d(i). Give t(r).
7
Let o(g) = g**3 - 9*g**2 + 9*g - 6. Suppose 199*t = 203*t - 136. Suppose -2*w + t = 3*u, -w = u - 8 - 5. What is o(u)?
2
Let h(f) be the second derivative of -f**7/2520 + f**6/240 + f**5/120 + 4*f**4/3 - 8*f. Let g(d) be the third derivative of h(d). Give g(4).
-3
Let c(m) be the third derivative of m**5/60 + m**4/4 - 228*m**2. Suppose 1 = -2*v + 5. Suppose -28 = 5*t + v. What is c(t)?
0
Let n(b) = -16*b**2 - 1. Let m(d) = 7*d - 300. Let z be m(43). Give n(z).
-17
Let d = -8 - -11. Let m be 42/9 + (-2)/d. Let u(y) be the third derivative of -y**5/60 + 5*y**4/24 + y**3/3 - 5*y**2. Determine u(m).
6
Let k be 2/(-2) + -15 + 2. Let s = k + 19. Suppose -3*c + s*r + 37 = 0, -c - c = -3*r - 23. Let n(t) = -t + 6. Determine n(c).
2
Let q(u) be the second derivative of -u**3/3 + 3*u**2/2 - u. Let s be 16/6 + 4/(-6). Suppose 1 = s*l - 3. Determine q(l).
-1
Let x be -80*12/(-44) - (-2)/11. Let g(l) = -x*l - 3*l**2 + 2*l**2 + 31*l - 4. Calculate g(4).
16
Let j = 4 + 0. Let m be 4/((-16)/j) + 2. Let o(t) = m + 0 + t**2 - t - 6 - 4*t. Determine o(6).
1
Let b(z) = -z**2 + 18*z - 14. Let d(a) = a - 3. Let k(p) = -b(p) + 3*d(p). Determine k(13).
-21
Let q = 279 - 279. Let i(m) be the third derivative of q - 1/24*m**4 + 0*m + 2/3*m**3 - 3*m**2. Calculate i(3).
1
Suppose 0*k = k + 2*y + 21, -k - 11 = -3*y. Let f = k + 19. Let z(h) = 3*h**2 - h - 1. Determine z(f).
9
Let v = -116 + 116. Suppose -2*u + 3*b - 12 = v, -u - 12 = -4*u - 3*b. Let k(f) = f**3 + f - 15. What is k(u)?
-15
Suppose 5*t - 3*t = 4*u - 80, -u = 4*t - 20. Let j(q) = u*q + 29*q - 59*q. Give j(-1).
10
Let m(x) = -x - 1. Let n be ((-4)/6)/(2/21). Let h = -8 - n. Let y = 4 + h. Calculate m(y).
-4
Let i(t) = t**3 - 2*t**2 + 4*t - 6. Let n(f) = -3*f**3 + 2*f**2 - 9*f + 13. Let m(w) = -5*i(w) - 2*n(w). Determine m(-6).
16
Let a(y) = 262*y**2 - 3*y - 261*y**2 + 7 + 14*y + 5. Determine a(-10).
2
Let w(f) be the second derivative of -f**4/12 + 4*f**3/3 + 3*f**2/2 + 9*f. Let i(m) = 3*m**2 - 25*m - 9. Let p(d) = 2*i(d) + 7*w(d). Calculate p(5).
8
Suppose 0 = -5*j + 5*u - 19 - 16, -2*u + 8 = j. Let c(k) be the third derivative of -k**6/120 + k**5/30 + k**4/12 + k**3/6 - 2034*k**2. Calculate c(j).
13
Let g(v) be the third derivative of -v**4/24 - 2*v**3 - 272*v**2. Suppose -18 = -0*u + 2*u. Determine g(u).
-3
Let y be (-1)/(-10)*2 + 1053/585. Suppose -m - d - d + 2 = 0, -4*d + 20 = 0. Let i = m + y. Let r(z) = -z**3 - 5*z**2 + 7*z + 1. Give r(i).
-5
Let q(u) = u**3 - 9*u**2 + 8*u - 9. Suppose -l + l = 4*l. Suppose 1 = -2*n - 4*t - 3, l = 5*n + 3*t - 25. Determine q(n).
-9
Let u = 6 + -8. Let n(x) be the second derivative of -9*x - 1/3*x**3 - x**2 + 0. Calculate n(u).
2
Let q(a) = a**3 - 4*a - 2 + 5*a**2 - 3*a + 0*a**2. Suppose 2*v - 58 + 70 = 0. What is q(v)?
4
Let o(v) be the second derivative of v**3/6 - 5*v**2/2 - 148*v. Determine o(11).
6
Suppose -4*m = 0, 2*h + 5*m - 12 = -0*m. Suppose 3*d + 22 = 5*d. Let v(b) = -d - 6*b**2 + 3 - 4*b + 7*b**2. What is v(h)?
4
Let y(v) = v**2 + 6*v - 4. Suppose i = n + 8, 3*n + 5*i = -0*n - 24. Determine y(n).
12
Let p be -1 + (1 + -1 - -2) + 7. Let h(f) = -6*f - p + 7 - 2*f + 9*f. Give h(7).
6
Let s be (1 + (-52)/39)/((-1)/3). Let c(b) be the third derivative of -1/6*b**3 + 0*b - 2*b**2 + 0 + 1/2*b**4. Determine c(s).
11
Let x(a) = 4*a**3 - 3*a**2 - 4*a + 2. Let h(i) = i**3 - i + 1. Let z(p) = -3*h(p) + x(p). Calculate z(3).
-4
Suppose -5 = p - 3*c, 5*p + 4*c + 1436 = 1430. Let b(z) be the second derivative of 1/6*z**4 + 1/10*z**5 + z**2 + 0 + 2*z - 1/6*z**3. Calculate b(p).
-4
Let i = 327 + -319. Let u(z) = -z**3 + 9*z**2 - 8*z - 7. What is u(i)?
-7
Let t(u) = u - 10. Suppose 0*p - p - 3*h + 6 = 0, -2*p - 3*h = -9. Determine t(p).
-7
Let t(n) = n - 11 + 8 + 0*n**2 + 11*n + n**2 - 8*n. Suppose m + 14 = 3*s, -5*m + 24 = -2*s + 55. Calculate t(m).
2
Let d(s) be the second derivative of s**3/6 + 2*s**2 + s. Let x = 36 - 33. Suppose 2*j = x*j - 3. Calculate d(j).
7
Let w(x) = -11*x**3 + 5*x - 9. Let n(v) be the first derivative of -3*v**4/2 + 3*v**2/2 - 5*v + 1. Let k(q) = -7*n(q) + 4*w(q). What is k(-1)?
2
Let f(y) be the second derivative of y**3/3 + 7*y**2/2 - 2*y - 20. What is f(0)?
7
Let u = 708 + -705. Let f(q) be the first derivative of 3/2*q**2 + 8 + u*q. Determine f(-4).
-9
Suppose -4*p + 3*x + 204 = 0, -2*x - 132 = -3*p - 5*x. Let b be (0 + 1)*(24 - 0). Let a(i) = -2 - 6*i + b*i**3 - p*i**3 + 3*i**2 + 25*i**3. Give a(-4).
6
Let z(v) = 5*v - 9*v + 10*v**3 + 6 - 7*v**2 - 11*v**3. Let w be z(-6). Let h(u) = -u - 3. What is h(w)?
3
Let x(s) be the third derivative of -s**4/24 + s**3/6 - 5*s**2. Let t(d) = d**2 + 2*d. Let q be t(0). What is x(q)?
1
Suppose -3*l + 6 = 3*a, 0*a - 4*l - 2 = -a. Let c(z) = z**a - 1 + 2*z - 2 - z**3 + z. Let t = 260 - 258. Give c(t).
-1
Suppose -5*p + 1 = 11. Let s(o) = 4012*o - 8018*o + 4004*o + 2. Calculate s(p).
6
Let n(c) = 2*c. Let b be -4 + 354/45 - (-2)/15. Give n(b).
8
Let m(a) be the second derivative of -1/4*a**4 - 3/2*a**2 + 2/3*a**3 + 17*a + 0. Calculate m(2).
-7
Let z(w) = 10*w - 7*w + 0*w + 2. Let q(v) = -2*v - 2. Let u(d) = 4*q(d) + 3*z(d). What is u(0)?
-2
Let q(y) = -7*y + 75 - 10*y**2 + 9*y**2 - 36 - 44. Let k be 5*(-1 - (0 + 0)). Give q(k).
5
Let y be 4/14 - 4/14. Let l = 47 - 40. Let b(t) = -t - 2*t**2 + 8 + 2*t**3 - l*t**3 + t**2 + 4*t**3. What is b(y)?
8
Let s(j) = 6*j + 3. Let b be s(-2). Let h(q) be the third derivative of -q**6/120 - 2*q**5/15 + 5*q**4/12 + 11*q**3/6 - 3*q**2 + 27. Give h(b).
2
Let c(x) be the second derivative of x**4/12 - 7*x**3/6 + 5*x**2 + 35*x. Give c(7).
10
Let l(h) = 4*h + 158. Let i be l(-38). Let b(r) = r + 4. Determine b(i).
10
Let w be (-76)/16 + ((-225)/(-36))/(-5). Let f(d) be the second derivative of -d**3/6 - 3*d**2 - d. Determine f(w).
0
Let a(t) = t**3 + 3*t**2 - 16*t + 2. Let r(y) = -y**2 + y - 2. Let l(d) = -a(d) - 2*r(d). What is l(-4)?
-6
Let n(p) = -p**3 + 4*p**2 + 6*p + 4. Let z be n(5). Suppose 2*g = 5 + z. Let h(d) = -4 - d**3 + 1 + 6 + 0 + 6*d**2 - g*d. Determine h(5).
-7
Let c(u) = 8*u + 1. Let x(l) = -2*l**2 + 8*l - 6. Let q be x(5). Let g = -17 - -14. Let j be (2/g)/(q/(-24)). Determine c(j).
-7
Let z(b) = -b**2 - b + 1. Suppose 12*l - l - 11 = 0. Determine z(l).
-1
Let c(w) = -3*w**2 + 3*w - 4. Let o be (3 - 1)/((-2)/(-4)). Let s(h) = 2*h**2 - 2*h + 4. Let q(j) = o*s(j) + 3*c(j). What is q(6)?
-26
Suppose 4 = -i - 1. Let v(n) = -9*n + 7. Let s(c) = -11*c - 3. Let f(h) = -12*h - 4. Let m(q) = -6*f(q) + 7*s(q). Let r(l) = 11*m(l) - 6*v(l). Determine r(i).
-4
Let k(q) = 1 + 3*q**2 - q - 2*q**2 + q**3 + 7*q**3. Let j(i) = 3*i - 25. Let z be j(10). Suppose 0 = -5*t + 5, 3*a + z*t - 3*t = 5. Calculate k(a).
9
Let s(j) = j**2 - 3*j + 2. Let z be 8 - 13/((-39)/(-18)). Give s(z).
0
Let b = 315 + -319. Let j(w) = -w**2 + w. Let a(m) = 3*m**2 - 9*m + 7. Let q be (1/(-2))/((-1)/(-2)). Let x(u) = b*j(u) + q*a(u). Calculate x(-6).
-1
Let v(c) be the second derivative of -11*c**7/840 - c**6/360 + c**5/60 - c**4/24 + c**3 - c. Let s(l) be the second derivative of v(l). Determine s(1).
-11
Let k(x) = -x**2 + 4*x - 5. Let v be (-1 - -4)/(3/8). Suppose -v = -2*s - 5*o, 3*s + 0*o + 4*o = 12. Give k(s).
-5
Let d(i) be the third derivative of 0*i - 1/120*i**6 - 1/15*i**5 - 1/12*i**4 - 6*i**2 + 0 - 1/6*i**3. Let u(m) = -3*m**2 + m. Let s be u(-1). Calculate d(s).
7
Let i(q) = 6463 - 12931 + 6463 - q. Calculate i(-13).
8
Let c(k) be the second derivative of k**3/6 - 2*k**2 - k. Let a(o) = o**3 - 6*o**2 + 92*o - 558. Let q be a(6). Determine c(q).
-10
Let v(n) = -n**2 - 17*n + 13. Suppose -21*k + 5*f - 105 = -16*k, -5*k - 5*f = 75. Give v(k).
-5
Suppose 0 = 4*d - 0*d - 8. Let x(r) = 3*r - 4 + 3 - 2*r - r**3 + d*r**2. Calculate x(1).
1
Let 